7 + -145. Calculate the remainder when 104 is divided by q.
16
Let g be ((-2)/(-4))/(13/26). Calculate the remainder when 38 is divided by (15 - (g - -1)) + 1.
10
Let k(z) = -12 - 4 + 2*z + 4 - 3. Calculate the remainder when 12 is divided by k(11).
5
Suppose 0 = 2*y - 88 - 18. Calculate the remainder when y is divided by 18.
17
Let c = 56 - 31. Let g = c - 15. Calculate the remainder when g is divided by 3.
1
Suppose -5*u + 0*k + 3*k = -26, 0 = -k - 2. What is the remainder when 19 is divided by u?
3
Suppose 0*w + 104 = 4*w. Let c = 8 + -5. Suppose f + 1 = -5*n + 3*n, -c*f = -2*n - 37. What is the remainder when w is divided by f?
8
Let l(a) = -7*a. Let z be l(-1). Suppose z*r + 1 = 2*r - 4*m, 4*r - 3*m + 7 = 0. Let u(c) = 2*c**2 + 1. What is the remainder when 8 is divided by u(r)?
2
Let a(m) = -m + 7*m + 6*m**2 - 6*m - 2. What is the remainder when a(3) is divided by 18?
16
What is the remainder when 28 is divided by 4/14 + 136/14?
8
Calculate the remainder when 6 is divided by (-16)/(-6)*3/2.
2
Let r(i) = i**3 - 6*i**2 - 4*i - 13. What is the remainder when 46 is divided by r(7)?
6
Let y(z) = 3*z + 8. What is the remainder when y(18) is divided by 33?
29
Suppose r + 4 = 3*r. Let k be 2/(-4) - 13/r. Let d = 8 - k. What is the remainder when d is divided by 8?
7
Suppose 0 = 3*q + 8*q - 913. Calculate the remainder when q is divided by 14.
13
Let f = -11 - -9. What is the remainder when -19*(1 + f/1) is divided by 10?
9
Let k = -15 - -24. Calculate the remainder when 24 is divided by k.
6
Suppose -155 = -5*k - 5*n, 5*k - 2*n - 48 - 72 = 0. What is the remainder when 45 is divided by k?
19
Suppose 0 = -2*w - 0*w + 8. Suppose -w*v + v + 6 = 0. What is the remainder when v is divided by 2?
0
Let n(q) = -4. Let o(y) = -y. Let h(p) = n(p) + 4*o(p). Let c = 114 + -32. What is the remainder when c is divided by h(-8)?
26
Suppose 3*a = 131 + 694. Suppose -7*z = -2*z - a. What is the remainder when z is divided by 28?
27
What is the remainder when 37 is divided by 10/(-25) - (-102)/5?
17
Let y = 3 + 39. Let s be 1136/7 - 12/y. What is the remainder when (s/(-12))/(2/(-8)) is divided by 14?
12
Let d = 44 + -31. Let k = -21 + 46. Calculate the remainder when k is divided by d.
12
Let j(p) = p + 50. Calculate the remainder when 157 is divided by j(-10).
37
Let i be 9/(-15) - (-86)/10. Suppose 3*o - i*o + 90 = 0. What is the remainder when o is divided by 1 + (5 - -2 - -2)?
8
Let g = 0 + 0. Let d = 4 + g. Let j(h) = 10*h**3 + 2*h**2 - 2*h + 1. What is the remainder when j(1) is divided by d?
3
Let n(d) = -3*d**3 - d. Let v be n(1). Let i = 10 + v. What is the remainder when 10 is divided by i?
4
Calculate the remainder when 24*-5*(-3)/45 is divided by 5.
3
Let l(v) = -v**3 + 7*v**2 - 5*v. Let k be 2 - 2/(4/6). Calculate the remainder when 12 + k/(3 - 2) is divided by l(6).
5
Let h(n) be the third derivative of n**4/24 - n**3/2 + 2*n**2. Let v be h(6). Suppose 3 = -0*g + v*g. What is the remainder when 1 is divided by g?
0
Let o be -3 + 5 - 3 - -34. Suppose -3*q = -o - 78. What is the remainder when q is divided by 10?
7
Let p(r) = r**3 + 11*r**2 + 9*r - 7. Let o be p(-10). Suppose 0 = -y - 2 + 8. Calculate the remainder when (o/y)/((-2)/(-68)) is divided by 6.
5
Let p(s) = 3*s - 2. What is the remainder when p(11) is divided by 20?
11
Let k(t) = -t**2 + 10*t + 4. Let o(u) = 8*u - 7. Let m be o(5). Suppose 4*l - m = l. What is the remainder when l is divided by k(10)?
3
Let z = 4 - 0. Calculate the remainder when z is divided by (6 + (-4)/2)/2.
0
Let t(s) = s**2 - 5*s - 13. Let p = 49 - 28. Calculate the remainder when p is divided by t(-3).
10
Let q = 42 - 19. Suppose 2*p = 146 + 34. Calculate the remainder when p is divided by q.
21
Let d(u) = u + 19. Let j(v) = -v - 20. Let t(l) = 7*d(l) + 6*j(l). Calculate the remainder when 38 is divided by t(0).
12
Suppose 2*h - 60 = -3*h. What is the remainder when 33 is divided by h?
9
Let u(g) = -14*g**2 - 1. Let k be u(-1). Let o = k + 29. Calculate the remainder when 40 is divided by o.
12
Let y(h) = h**3 - 9*h**2 + 6*h - 19. Let j(g) = g**2 - 4*g - 3. Calculate the remainder when y(9) is divided by j(-3).
17
Calculate the remainder when 18 is divided by ((-5)/(-4))/((-1)/(-4)).
3
Let g(q) = 9*q**2 - 2*q + 1. Let u(b) = 19*b - 4. Let r be u(3). Suppose -r + 8 = -3*j. Calculate the remainder when j is divided by g(1).
7
Suppose -13*n + 8*n = -100. What is the remainder when 58 is divided by n?
18
Suppose -4*t = -5*n + 45, -14 = 3*n - 2*t - 43. Let i = n - 8. Suppose -4*y + 2*m + 28 = -44, 0 = -5*m. What is the remainder when y is divided by i?
3
Let r(j) = -10*j**3 + 2*j**2 + 2*j + 1. Suppose 2*s + 1 = -1. Calculate the remainder when 21 is divided by r(s).
10
Let f be ((-8)/10)/(10/(-75)). Suppose -f*q - 30 = -8*q. What is the remainder when 43 is divided by q?
13
Suppose 0 = n + 2*n + 3. What is the remainder when 21 is divided by 12/(-4) + (10 - n)?
5
Suppose -i - 4*j = 3*i + 28, 0 = 5*i - j + 23. Calculate the remainder when 42 - (-1 - 1 - i) is divided by 21.
18
Let o = 8 + -21. Suppose -3*i + i - z - 59 = 0, -4*i + z - 109 = 0. Let c = o - i. Calculate the remainder when 57 is divided by c.
12
Let a = -40 - -58. Suppose 3*g - 3*t - 30 = 0, 5*g - 20 = -0*t - t. What is the remainder when a is divided by g?
3
Let b(w) = -23*w - 66. Let y be (-1)/4 - (-52)/16. Suppose -8 = -f - 5*t - 1, 0 = -y*t. Calculate the remainder when f is divided by b(-3).
1
Let i be (-10)/40 + 34/8. Let y(q) = q**3 - 2*q**2 - q - 2. What is the remainder when y(i) is divided by 9?
8
What is the remainder when 61 is divided by 4/12*-3 - -14?
9
Suppose 2*r + 7 - 1 = 2*v, 3*v + 2*r = -6. Suppose v*i - 4 = -4*i. What is the remainder when (i/(-2))/((-3)/48) is divided by 3?
2
Let n(c) = -c**3 + 6*c**2 - 2. Let k be n(6). Let p = k - -4. Suppose -38 = -p*s - 2*s + 5*h, -5*h - 3 = s. Calculate the remainder when s is divided by 3.
1
Let a(s) = -s**2 + 8*s + 16. Calculate the remainder when a(7) is divided by (-1 + 13)*(-3)/(-6).
5
Suppose 0 = -l + 3*l + 2. Let h = 2 + l. What is the remainder when 1 is divided by h?
0
Let u = 7 - 3. Let j(x) = x**3 + 3*x**2 - 5*x - 1. Let g be j(u). Suppose 5*w = 3*m - g, -4*w + 3 = -1. What is the remainder when m is divided by 11?
10
Suppose -3*y + 72 = 5*y. Calculate the remainder when 43 is divided by y.
7
Suppose 4 + 31 = 5*c. Suppose -2*r = -r - 10. Let a = r - -9. What is the remainder when a is divided by c?
5
Let s(c) = c**3 + 2*c + 4. Let b be s(-3). Let d = b - -44. What is the remainder when d is divided by 8?
7
Suppose -s + 46 + 23 = 0. What is the remainder when s is divided by 7?
6
Let b(s) = -2*s**3 - 5*s**2 - 2. Calculate the remainder when b(-5) is divided by 31.
30
Let u(o) = 2*o - 10. Let f be u(8). Let b be (-163)/6 - (-1)/f. Let q = b - -66. What is the remainder when q is divided by 14?
11
Let x(j) be the third derivative of -13*j**5/60 + j**4/24 - 3*j**2. Let q be x(1). Let k = q + 30. What is the remainder when k is divided by 10?
8
Suppose -z = 6 - 16. What is the remainder when 18 is divided by z?
8
Suppose 4*r = -0*r. Suppose -3*v = -r*v - 15. Calculate the remainder when 17 is divided by v.
2
Let t(p) = -p**2 - 18*p - 14. What is the remainder when 8 is divided by t(-17)?
2
Let x be 1/(((-16)/(-340))/4). Suppose 4*v + v = x. Calculate the remainder when v is divided by 9.
8
Suppose -2*b - 23 = -t, 6*b + 25 = b. Let v = 69 + -61. Calculate the remainder when t is divided by v.
5
Suppose 3*b + 2*y = -85, -5*b - 5*y - 75 = -3*b. Calculate the remainder when 47 is divided by (-30)/(-9)*(-120)/b.
15
Suppose -5*q + 0*q + 90 = 0. Let k(y) = y + 2 - 3*y**2 + 4*y**2 + 3*y**2. What is the remainder when k(-3) is divided by q?
17
Suppose -y + 6 = -v + 45, -y + 3*v = 35. Let f = -6 - y. What is the remainder when f is divided by 18?
17
Let o(r) = r + 11. Let y be o(0). Let g(i) = -7*i - 9. Let p be g(-4). Let x = p - y. What is the remainder when 23 is divided by x?
7
Let w = 59 + -89. What is the remainder when (-1542)/w - (-4)/(-10) is divided by 18?
15
Suppose x = -8 + 1. Let o = x + 8. Calculate the remainder when 34 is divided by (-2 + 8)/(o/3).
16
Let u(f) = -f**2 - 1. Let t be u(1). Let g = t + 0. Let i(s) = 5*s**2 + 3*s. Calculate the remainder when 39 is divided by i(g).
11
Le